r + 2 - 9*r + 3*r. What is the remainder when k(-3) is divided by v(3)?
11
Let f(y) = -2*y + 43. Calculate the remainder when 85 is divided by f(0).
42
Suppose -3*o + 3*q = -36, -3*q = 20 - 8. Calculate the remainder when 13 is divided by o.
5
Suppose 164 = v - 0*v. Suppose 5*h = 9*h - 4*u - v, -5*h = -4*u - 208. Suppose -s + 3*s = h. Calculate the remainder when s is divided by 12.
10
Suppose -c + 4 = 3. What is the remainder when 2 is divided by c?
0
Suppose 0 = 4*k + 12, 2*h + h + 2*k = 0. Suppose 150 = 4*p - h*p. Suppose 4*i + p = 215. Calculate the remainder when i is divided by 18.
17
Let m be 8/(-3*4/(-6)). Suppose s - 22 = 3*k, m*s - 3*k - 48 = s. What is the remainder when 25 + 0 + (3 - 3) is divided by s?
12
Let w = 46 - 30. Calculate the remainder when 78 is divided by w.
14
Suppose 0 = -c - 2*w + 109, -3*w = -3*c + 5*c - 215. Suppose -3 = -2*b + c. Let f = -12 + 26. What is the remainder when b is divided by f?
11
Let z(h) = -h**2 + 18*h - 20. What is the remainder when 47 is divided by z(15)?
22
Let d be 72/30*105/(-6). What is the remainder when (-22)/(-4)*d/(-3) is divided by 13?
12
Let b(y) = y**3 + 4*y**2 - 2*y - 4. Let i be b(-4). Suppose -13 = -i*p + 3*p. Let q = p - -13. Calculate the remainder when q is divided by 7.
5
Let t = -21 + 55. Suppose 2 = u - 7. Calculate the remainder when t is divided by u.
7
Let h(n) = -2*n. Let m be h(-1). Suppose -5*j - 4*x + 9 = 0, m*x + 3*x - 5 = -5*j. Calculate the remainder when 13 is divided by j.
3
Suppose 3*j + 28 = 2*v - 7, 0 = -5*v + j + 107. What is the remainder when 63 is divided by v?
19
Let j be 4*-1*4/(-8). Let z(l) = l**2 + 0 - 4*l + j*l**2 + 1. Calculate the remainder when z(-3) is divided by 14.
12
Let l(m) = m - 1. Let f be l(4). Let b(s) = -f + 4 + 0 - 6*s. Calculate the remainder when b(-3) is divided by 10.
9
Let u = -3 + 15. Calculate the remainder when 21 is divided by u.
9
Let x(z) = 2 + 22*z**3 + z**2 - 2. Suppose -4 = 2*q + 3*t, 0 = -4*q - 10*t + 5*t - 6. What is the remainder when x(q) is divided by 13?
10
Let s = 1 - -4. Suppose -s*o = -2*z - 78, -2*o - 2*z = 2*z - 36. What is the remainder when 31 is divided by o?
15
Let v be (-327)/12 - 1/(-4). Let l = -5 - v. Calculate the remainder when l is divided by 8.
6
Let p(h) = 3*h**2 - 5*h + 10. Calculate the remainder when p(5) is divided by 21.
18
Let z(u) = -u**3 - 3*u**2 + 3*u - 3. Let o = -8 + 16. Let j = o - 7. Calculate the remainder when j is divided by z(-4).
0
What is the remainder when (23/(-69))/((-2)/870) is divided by 37?
34
Suppose -4*w = 4*g - 12, 0 = 3*w + 2*g + 3*g - 13. Let s = w - -7. Calculate the remainder when 15 is divided by s.
7
Suppose -3*s = 4*l - 9*l - 2, -5*s - 3*l = 42. Let t = 10 + s. Suppose -4*a = -v, 2*a + 2 = t. What is the remainder when 11 is divided by v?
3
Let y = 95 + 27. Calculate the remainder when y is divided by 25.
22
Suppose -g - 3*g = -3*k - 97, 0 = -5*g + 5*k + 115. Let b be 836/16 - (-6)/8. Let z = -38 + b. What is the remainder when g is divided by z?
13
Let b(l) = 2*l**2 - 2*l + 5. What is the remainder when b(7) is divided by (-1)/(6/(-182)) + 5/(-15)?
29
Let l(w) = 6*w**2 + 6*w - 3. Let q be l(-5). Suppose 5*i = q + 73. Suppose z = -z + i. What is the remainder when 36 is divided by z?
17
Let q(h) = -h**3 + 4*h**2 - 3*h + 1. Let w = 3 - 1. Suppose 0 = w*i - 6 - 4. What is the remainder when i is divided by q(2)?
2
Let k be (-1)/(-4) + 28/16. Let c be (k/3)/((-8)/(-132)). Suppose 0 = a - 2*a + c. What is the remainder when 20 is divided by a?
9
Let d = 17 + -12. Let f(x) = 2*x**2 - 7*x + 3. What is the remainder when 35 is divided by f(d)?
17
Let p = 39 - 18. Suppose 4*v - 71 = p. Let u = 31 + -19. What is the remainder when v is divided by u?
11
Let a(g) = -g**3 - 6*g**2 - 6*g - 3. Let k be a(-5). Suppose k*h - 3*h + 50 = 3*w, h = -4*w + 66. What is the remainder when 46 is divided by w?
14
Let r(k) = -k - 3. Let l be r(-4). Let t be (7 - l)*14/2. Suppose t = 3*f - 3*w, 0 = 3*f + 7*w - 3*w - 7. Calculate the remainder when 25 is divided by f.
7
What is the remainder when 21 is divided by (5/(5/6) - 0)*1?
3
Let c be (-138)/(-2 + 5 + -4). Calculate the remainder when 4 - 0 - c/(-3) is divided by 26.
24
Suppose 8 - 28 = -4*q. Suppose -2*a = 3*a - 2*b - 25, 0 = 4*a - 4*b - 32. Calculate the remainder when q is divided by a.
2
Suppose 5*p + 7*s - 3*s - 224 = 0, 5*s + 171 = 4*p. What is the remainder when 127 is divided by p?
39
Let r be 3 + -4*(3 + -2). Let h = r + 10. Calculate the remainder when 34 is divided by h.
7
Let w = -17 - -41. What is the remainder when 69 is divided by w?
21
Suppose 0 = 3*z + 6*z - 126. Suppose 4*n - 2*g - 6 = 38, 0 = -4*n + g + 40. Calculate the remainder when z is divided by n.
5
Suppose 2*o - 174 = -3*z, 2*o = 4*z - 277 + 59. Let j = 20 - 15. What is the remainder when z is divided by -2 + j/(10/42)?
18
Suppose -30*g = -39*g + 864. What is the remainder when g is divided by 34?
28
Let p(z) = z**2 + z + 1. Calculate the remainder when 24 is divided by p(-4).
11
Let p = -15 + -15. What is the remainder when 5 is divided by p/(-7) + 4/(-14)?
1
Let y(h) = h - 11. Let w be y(8). What is the remainder when 30 is divided by w/2*(-160)/15?
14
Let y(q) = -q - 3. Let l be y(-5). Let k be 4/l - (-4 - -1). Suppose 25 = k*u + 4*a, 0*u - 4*u + 4*a + 20 = 0. Calculate the remainder when 8 is divided by u.
3
Suppose -3*h - 1864 = -490. Let y be (-5)/20 + h/(-8). Suppose 3*u - 3*x - x = y, u = -x + 12. What is the remainder when u is divided by 8?
7
Let x(w) = w**3 - 10*w**2 + 24*w - 8. What is the remainder when 155 is divided by x(7)?
12
Let w(a) = -5*a + 2. What is the remainder when 51 - (0 + 1 + 1) is divided by w(-3)?
15
Let h be -2 - (-5 - -1 - 0). Let v(u) = 5*u - 2*u - 2*u + h*u - 6. Calculate the remainder when v(7) is divided by 9.
6
Suppose m - 12 = -g, 3*g - 46 = -g - 5*m. Calculate the remainder when 53 is divided by g.
11
Let t(s) = -s**3 - 6*s**2 + 4*s. Let l be t(-7). Let g = l + -13. What is the remainder when g is divided by (6/(-4))/((-2)/4)?
2
Suppose 4*o + 82 = 6*o. Suppose -5*l + 294 = -o. What is the remainder when l is divided by 318/14 + (-2)/(-7)?
21
Let p = 37 - 14. Suppose -4*j + 1368 = -0*j. Suppose 5*d - j = -2*r - 0*r, 5*r = -4*d + 277. What is the remainder when d is divided by p?
22
What is the remainder when 65/7 - 6/21 is divided by 6?
3
Let v(r) = r - 6. Let u be v(8). Let z = -9 + 11. What is the remainder when z is divided by (5/(5/u))/1?
0
Calculate the remainder when 1 is divided by -3*(-4)/30 - 27/(-45).
0
What is the remainder when 29 is divided by (-7)/(14/30)*-1?
14
Let m be 3/(-12) + 68/16. Let n(a) = -a**2 - 6*a - 1. Calculate the remainder when 1/m + (-364)/(-16) is divided by n(-3).
7
Suppose 0 = 2*x + 45 - 213. Let j = 8 + 14. Calculate the remainder when x is divided by j.
18
Calculate the remainder when 55 is divided by 508/18 - (-10)/(-45).
27
Let k = -21 + 28. Suppose -5*p - 1 = 7*b - 3*b, 0 = -3*p + 5*b - 8. Calculate the remainder when p + 22 - 8/4 is divided by k.
5
Let i = 43 + -19. What is the remainder when 71 is divided by i?
23
Let s(h) = 14*h**2. Let r = 60 + -19. What is the remainder when r is divided by s(-1)?
13
Let w be 0/(-4 - -8) + 3. Suppose 3*k + 4 = 2*i, -3*k + 3*i = w + 6. Calculate the remainder when 8 is divided by k.
0
Let k = -14 - -5. Calculate the remainder when ((-3)/k)/((-2)/(-84)) is divided by 4.
2
Let p(r) = -11*r - 4. Suppose -a - a = 0. What is the remainder when p(-4) is divided by -1*(-1 - a) - -13?
12
Let m(g) = g**2 + 7*g - 3. Let o be m(-7). Let k be o/3*-17 - 3. Calculate the remainder when 3 is divided by (-32)/(-14) - 4/k.
1
Suppose 2*x - 3*x = -4. Suppose -5*u + x = -71. What is the remainder when 28 is divided by u?
13
Calculate the remainder when (3/(-9))/((-3)/441) is divided by 10.
9
Let m = 14 + -11. Calculate the remainder when 27 is divided by (m - (2 - 8)) + -2.
6
Let y be ((-90)/(-4) + 2)*2. Let m = y - 25. Let l = -11 + m. What is the remainder when 25 is divided by l?
12
Suppose -3*m + 2*g + 8 = -2*g, -m - 5*g = -28. Let i(j) = -j**3 + 7*j**2 + 8*j + 4. Let z = 6 + -4. What is the remainder when i(m) is divided by z?
0
Suppose -5*t + 64 = -21. What is the remainder when 46 is divided by t?
12
Calculate the remainder when 111 is divided by ((-930